 3/2*q**2 + 0 + 3*q + q**3 + 1/12*q**4. Determine a(-3).
-6
Let v = -22 + 24. Let d(m) = -m**3 + 2*m**2 - 1. Give d(v).
-1
Let n(s) = -7*s**3 - 4*s**2 + 6*s - 6. Let i(m) = -m**3 - m**2. Let l(q) = 6*i(q) - n(q). Determine l(4).
14
Let i(s) = -4*s**3 + 7*s**2 - 1. Let w(h) = 11*h**3 - 20*h**2 + 3. Let k(p) = -17*i(p) - 6*w(p). Let l = -243 + 244. Give k(l).
2
Let x(i) be the first derivative of i**3/3 + 3*i**2/2 - i + 2. Let v(g) be the first derivative of x(g). Give v(3).
9
Let h(n) = n + 1. Let j be (-27)/(-6)*4/6. Suppose 2*v + j*v = -4*i + 6, 0 = -i + v + 6. Suppose -25 = -9*x + i*x. Give h(x).
6
Let l(q) be the second derivative of -5*q**3/6 - q**2/2 - 52*q. Give l(2).
-11
Let v(c) = 254 - c**2 + 2*c - 254. What is v(4)?
-8
Suppose 0 = -2*y + 4, 4*y = g + 1 + 4. Let h(q) = 2 - 6 + g*q**2 + q**3 + 2. Let w(f) = -f**3 - f - 3. Let t be w(0). Determine h(t).
-2
Let a(l) = l + 15. Let o(x) = -3*x - 30. Let p(g) = 5*a(g) + 2*o(g). Determine p(0).
15
Let s(c) = -1. Let d(f) = -f - 6. Let t(r) = -d(r) + 4*s(r). Suppose -3*g = -6*g. Calculate t(g).
2
Let p(q) = q**3 + q + 8. Suppose -7*c = 3*c - 12*c. Calculate p(c).
8
Let h = -13 - -15. Let y(b) = b**h - b - 2 - 4*b + 1. What is y(6)?
5
Let u(f) be the first derivative of f**5/60 + 5*f**4/24 + f**3/6 + 3*f**2 + 2. Let z(l) be the second derivative of u(l). Calculate z(-5).
1
Let s(r) = -r**3 + 4*r**2 - 3*r + 6. Suppose 1 + 1 = -2*g. Let x be -3 + (-18)/(1 + -3). Let n be (x + g + -1)*1. Calculate s(n).
-6
Let m(i) = i**2 + i + 2. Let n(v) = 5*v**2 + 4*v + 9. Let f(u) = -9*m(u) + 2*n(u). What is f(0)?
0
Let o be (2 - (-1 + 6)) + 3. Let j(g) = -g**3 - g**2 - 8. Calculate j(o).
-8
Let y(s) = -6 + 1 - 3*s**2 + s**3 - s**2 - 2*s. Let w be (-1)/((14/56)/(5/(-4))). Give y(w).
10
Let b(u) = -6*u**2 - 9*u - 7*u**2 + 14*u**2 + 3 + 0. Give b(8).
-5
Let m(r) be the third derivative of -r**5/60 + r**4/24 - 5*r**3/6 + 8*r**2. Suppose 4*w - 16 = 3*h - 2*h, -h + w = 4. Let d be h/(-2 - (-2)/2). Determine m(d).
-5
Let b(s) be the first derivative of s**2/2 + 7*s + 2. Calculate b(-6).
1
Let h = 6 + -11. Let m(o) = o + 4. Let y be m(0). Let r(p) = 3*p + 0*p - y + 2*p**3 - 3*p**3 - 4*p**2. Calculate r(h).
6
Let p(k) = -k**2 - 4*k + 5. Let n(h) = 10*h**2 + 21*h - 21. Let z(l) = l**2 + 1. Let b(j) = -n(j) + 5*z(j). Let w(r) = -2*b(r) + 11*p(r). Give w(2).
-5
Let o = 1 - 0. Let f(n) = 4*n**2 + o + 2*n - n + 0. Let p = 0 + -1. Give f(p).
4
Let m(i) be the third derivative of i**6/120 - i**5/15 + i**4/12 - i**3 - 10*i**2. Let z be 1/(2/(-20)*-2). Let t = z + -1. Calculate m(t).
2
Let b be 1 - (4/(-4) + 1). Let d(m) be the second derivative of -5*m**3/6 + m**2/2 + 2*m. Calculate d(b).
-4
Let i(y) be the third derivative of -y**2 + 0*y + 0 - 1/60*y**5 - 5/6*y**3 + 1/4*y**4. Calculate i(5).
0
Suppose 0 = 4*b - 34 + 2. Let m(t) = t**3 - 7*t**2 - 8*t + 6. Determine m(b).
6
Let x(r) = 4*r**2 - 5*r + 11. Let c = 4 + -9. Let b(d) = -5*d**2 + 6*d - 12. Let v(f) = c*b(f) - 6*x(f). Give v(0).
-6
Let n be 27/(-9)*(-8)/(-6). Let i(c) = -c**3 - 4*c**2 - 2. Calculate i(n).
-2
Suppose p + 4 = -1, t = 4*p + 14. Let m(q) = 2*q + 7. Give m(t).
-5
Let n(d) be the third derivative of d**6/120 + d**5/20 - d**4/12 - 2*d**3/3 - d**2. Suppose -a = -14 + 6. Let v = 5 - a. Give n(v).
2
Let p(h) = -2*h - 3. Let d be p(-3). Let c(b) = -b**2 - b**3 - 2*b**d + 2*b**3 - 14. Give c(0).
-14
Let l(v) be the third derivative of 1/20*v**5 - 1/3*v**3 + 0 - 3*v**2 + 0*v**4 + 0*v. Calculate l(-2).
10
Let k(d) be the third derivative of -d**4/24 + 11*d**3/6 + 28*d**2. Give k(0).
11
Let j(k) = -k**3 + 8*k**2 - 8*k + 3. Let h(v) = v**2 - 1. Let x = -8 + 7. Let n(g) = x*j(g) + 2*h(g). Give n(5).
10
Let v(x) be the first derivative of -x**3/3 - 5*x**2/2 + 4*x + 9. Determine v(-6).
-2
Let l(j) = -3 - 4*j + j**2 + j + 2 + 0*j. Give l(3).
-1
Let v be (0 + 0)*2/4. Let h(t) = -t**3 + t**2 - t + 6. Give h(v).
6
Let l(m) = -m - 1. Let k(f) = f**2 - 3*f - 7. Let p(t) = -k(t) + 5*l(t). Let w(n) be the first derivative of p(n). Let r = -1 - -3. Calculate w(r).
-6
Suppose -a + 15 + 0 = 5*i, 5*i - 3*a - 35 = 0. Let r(g) = 2*g**2 - 4*g + 2. What is r(i)?
18
Let a(t) = -t**3 + 4*t**2 + 4*t. Suppose 3*m = x + 7, -3*x + 4*m = -m + 9. Let k be (-1)/x*-1*-2. Let y be 25/(-5)*(k - 0). What is a(y)?
-5
Let g(r) = r**2 - 5*r + 0*r**2 - 2 + 6*r. Suppose -3*b + 0*b = 0. Suppose b = 3*v - 5*z + 55 - 21, -5*v - 30 = -3*z. Give g(v).
4
Let s = 2 - 7. Let l(v) be the first derivative of -7*v - 3 + 0*v**2 - 2*v**2 + v**2. Determine l(s).
3
Suppose -2*n - 26 = o + 4*o, 2*n + 20 = -4*o. Let w(b) = -b**2 - 5*b - 7. What is w(o)?
-13
Let p(h) be the third derivative of -6*h**2 - 1/8*h**4 + 5/6*h**3 + 0 + 0*h. Give p(5).
-10
Let y(b) = -b**2 + 12*b - 2. Let q(j) = 2*j**2 - 23*j + 3. Let t(r) = 6*q(r) + 11*y(r). Calculate t(6).
-4
Let q(y) = 6*y. Suppose -2*u = -1 + 5. Let p be (-1 - u)*(1 + -2). Calculate q(p).
-6
Let s(q) = -1 + 4*q + 5 - 3 - 3*q. Let u be ((-4)/(-6))/(2/6). Suppose 3*x - u = 2*x. Give s(x).
3
Let i(q) be the second derivative of -3/2*q**2 + 1/12*q**4 + 0 + 7*q - 1/3*q**3. Suppose -11 = -4*x + 1. Give i(x).
0
Let s(g) = 17*g - 2. Let p(u) = 7*u - 1. Let l(y) = -5*p(y) + 2*s(y). Suppose -10 = -3*v + 8. What is l(v)?
-5
Let m be (-18)/5 - 2/5. Let o be 4/14 + m/14. Let n(a) = 1 + 7*a**2 + o - a - 3*a**2. Calculate n(1).
4
Let f(r) = 5*r**2 + 5*r - 2. Let t(b) = -11*b**2 - 9*b + 3. Let q = -5 - 0. Let u(k) = q*f(k) - 3*t(k). Calculate u(-1).
7
Let y(b) = -5*b**3 - 1 + 4*b**2 + 7*b + 5*b**3 - b**3. Let k(u) = -4*u**2 - 16*u + 5. Let n be k(-4). Calculate y(n).
9
Let v(u) = -u**3 - 7 - 7*u**2 + u - 3*u + u**2. Suppose 0 = -38*g + 33*g - 30. Calculate v(g).
5
Let x(i) = -6*i - 6*i**2 - i**2 - 6 + i**2 - i**3. Determine x(-4).
-14
Let s(a) be the third derivative of a**4/12 + a**3/6 + a**2. Let f be s(-3). Let v(i) = -2*i - 4. What is v(f)?
6
Let k(p) be the third derivative of -p**5/10 + p**4/12 + p**3/6 + 31*p**2. Determine k(-2).
-27
Let a(f) be the third derivative of f**7/315 - f**6/360 + f**5/120 - f**4/12 + 2*f**2. Let u(d) be the second derivative of a(d). What is u(1)?
7
Let w(n) = -2*n**3 + 10*n**2 + 2*n - 3. Let g(l) = -l**3 + l**2 - l. Let f(m) = -3*g(m) + w(m). Calculate f(-6).
3
Let j(l) = l**3 - 12*l**2 + 10*l + 8. Let w be j(11). Let z(n) = -2*n + 4. Determine z(w).
10
Suppose 0 = 4*y - 0*y - 24. Let q = y - 3. Suppose -l = -i - 9, 4*i + 19 = q*l - 11. Let n(d) = 2*d - 8. Determine n(l).
4
Let p be (-2)/4*(0 - 4). Let l = 4 - p. Suppose -l*k - j - 4 = 1, 4*k - j = -7. Let b(s) = 2*s. What is b(k)?
-4
Let z(v) = 4*v**2 - v. Let m be z(1). Let y(f) = -m*f**2 - f**3 - 2 + f - f**2 - 2*f. Determine y(-4).
2
Let w(t) = -15*t**3 - 21*t**2 + 21*t - 10. Let y(u) = 7*u**3 + 10*u**2 - 10*u + 5. Let n(g) = -6*w(g) - 13*y(g). Determine n(-5).
0
Let o be 9/6 + 2/4. Suppose 0 = n + o*n + 3. Let k(l) = 10*l**2 + l. Give k(n).
9
Let l(b) = 2*b + 3. Let c be 2*(-1)/2*-3. Let a be c + -2 + 4/1. Suppose -a*i - 3 - 2 = -4*y, -20 = 2*y + 2*i. Calculate l(y).
-7
Let q(x) = -x**3 + 5*x**2 - 2*x + 2. Let v(b) = -b**3 - 3*b**2 - 2*b - 4. Let z be v(-3). Let d = 19 + z. Suppose 3*h + 6 = d. Calculate q(h).
-8
Let t(b) = b**3 - 4*b**2 + b - 2. Let r(p) be the third derivative of p**6/120 + p**5/60 - p**4/24 + p**3/6 + 5*p**2. Let v be r(1). Calculate t(v).
-8
Let o(m) = 5*m - 2 - 5*m - 2*m. Let s be o(-2). Let z(f) = s - 3 + 0*f + f. Determine z(-4).
-5
Suppose 76 = -2*r - 86. Let t be r/(-6) - (-1)/2. Let p(s) = t*s + 0*s**2 + s**2 - 10*s. Calculate p(-5).
5
Let q = -5 + 10. Suppose 5 = 5*u - q. Let z = -1 - u. Let i(r) = r**3 + 4*r**2 - 4. Calculate i(z).
5
Suppose -3*r - 3 = 9. Let k(h) be the third derivative of 0 + 0*h + 5/24*h**4 - 1/6*h**3 + 1/60*h**5 + h**2. Determine k(r).
-5
Let g(i) = 4*i + 14 - 8 - 7. What is g(-7)?
-29
Let k(q) be the third derivative of -q**5/12 + q**4/24 + q**3/6 + 34*q**2. Calculate k(2).
-17
Let u(l) = -3 + 2*l + 6 - 2. Let j = 47 - 29. Suppose 5*n + 11 = -2*t, -3*n - t - j = 4*t. What is u(n)?
-1
Let l(h) = 1 + 4 - h - 2*h. Let w(k) = -k + 3. Let s(j) = -2*l(j) + 5*w(j). What is s(-5)?
0
Suppose x + 8 + 0 = -4*j, 4*j + 20 = 2*x. Let m(t) = t**3 - 5*t**2 + 7*t - 6. Calculate m(x).
6
Let g(j) = -j**3 - 4*j**2 - j + 3. Let f be g(-3). Let h(o) = -7*o + 5. Let 